{"id":2200,"date":"2019-11-21T15:31:17","date_gmt":"2019-11-21T15:31:17","guid":{"rendered":"http:\/\/portosdosacores.pt\/contactos_lista\/sef-delegacao-regional-do-pico-2\/"},"modified":"2019-11-21T15:31:17","modified_gmt":"2019-11-21T15:31:17","slug":"sef-delegacao-regional-do-pico-2","status":"publish","type":"contactos_lista","link":"https:\/\/portosdosacores.pt\/en\/contactos_lista\/sef-delegacao-regional-do-pico-2\/","title":{"rendered":"SEF &#8211; DELEGA\u00c7\u00c3O REGIONAL DO PICO"},"content":{"rendered":"<p>Edif\u00edcio da C\u00e2mara Municipal da Madalena &#8211; 9950-323\u200b MADALENA DO PICO<\/p>\n","protected":false},"template":"","tipos_contactos_lista":[49],"_links":{"self":[{"href":"https:\/\/portosdosacores.pt\/en\/wp-json\/wp\/v2\/contactos_lista\/2200"}],"collection":[{"href":"https:\/\/portosdosacores.pt\/en\/wp-json\/wp\/v2\/contactos_lista"}],"about":[{"href":"https:\/\/portosdosacores.pt\/en\/wp-json\/wp\/v2\/types\/contactos_lista"}],"wp:attachment":[{"href":"https:\/\/portosdosacores.pt\/en\/wp-json\/wp\/v2\/media?parent=2200"}],"wp:term":[{"taxonomy":"tipos_contactos_lista","embeddable":true,"href":"https:\/\/portosdosacores.pt\/en\/wp-json\/wp\/v2\/tipos_contactos_lista?post=2200"}],"curies":[{"name":"wp","href":"https:\/\/api.w.org\/{rel}","templated":true}]}}

SEF &#8211; DELEGAÇÃO REGIONAL DO PICO

<p>Edifício da Câmara Municipal da Madalena &#8211; 9950-323​ MADALENA DO PICO</p>
